hat is the tens digit of d?
6
Suppose l - 1057 = s + 3*s, -5410 = -5*l - 5*s. What is the units digit of l?
7
What is the tens digit of 50*(0 - (-141)/6 - 2)?
7
Suppose 7*c - 10183 = 11573. What is the hundreds digit of c?
1
Let d(j) = 60*j + 75. What is the tens digit of d(9)?
1
Let r(k) = -k**2 + 10*k - 11. Let b be r(9). Let u be 10/15*(-18)/b. Suppose -6 = 3*c - u*c. What is the units digit of c?
2
Suppose 26*v = 22620 + 598. What is the units digit of v?
3
Suppose -2*o + 3*o = 4. Let z(a) be the second derivative of 4*a**3/3 - 7*a**2/2 + 2*a. What is the tens digit of z(o)?
2
Let l(r) = -5*r - 15. Let v be l(-12). Let a = 78 - v. What is the units digit of a?
3
Let x(b) = 74*b**2 + 12*b + 43. What is the thousands digit of x(7)?
3
Let x = -59 + -2. Let c = 68 + x. What is the units digit of c?
7
Let g(f) = f**3 + 3*f**2 - 11*f - 1. Let v be g(-5). Suppose 2*p = -2*t + 148, -3*t + 256 = v*p - 37. What is the units digit of p?
1
Let d(h) = -18*h**3 - 3*h**2 + 3*h. Let i be d(2). Let v = i - -253. What is the hundreds digit of v?
1
Let q = 3 + -1. Let v be -3*(q - 1) + -46. What is the tens digit of 4/(-14) - 1288/v?
2
Let y be 6/(-14) + (-176748)/(-77). Suppose 4*s = 13*s - y. What is the hundreds digit of s?
2
What is the hundreds digit of (-5971)/(-2) - 5/(-2)?
9
Let v = 5 + -2. Suppose 0 = -2*m + v*m. What is the tens digit of 9 + m + 1/1?
1
What is the hundreds digit of 940 - (0 + (-56)/7)?
9
Let m = 1 + 7. Let s be ((-62)/m)/(9/(-108)). Suppose -4*x + s = -x. What is the units digit of x?
1
Let k(n) = -34*n - 42. What is the tens digit of k(-7)?
9
Suppose -4*v + 1 = -3*d, 4*v - 2 - 4 = 2*d. Suppose -3*g + v = -5. Suppose -5*m - 20 = 0, r + 5*m + 10 = g. What is the units digit of r?
3
Suppose 4174 = 2*b - 2*g, 18*b - 4166 = 16*b + 4*g. What is the thousands digit of b?
2
What is the units digit of (70/(-8) + -1)/((-11)/748)?
3
Suppose -4 = 4*t, 2*t + 337 = 3*u + t. What is the tens digit of u?
1
Suppose -18*s + 31*s = 18512. What is the tens digit of s?
2
Let n(i) = i**3 + 17*i**2 - 29*i + 28. What is the tens digit of n(-15)?
1
Suppose 3*j + j - 1344 = 5*s, 2*j - 4*s = 678. What is the tens digit of j?
3
Let a(q) = q**2 + 3*q - 2. Let u be a(-6). Let b = u - 3. What is the units digit of 22/2 - 13/b?
0
Let b(o) = o**3 - 6*o**2 + 4*o + 7. Let j be b(5). Let q(t) = -1. Let d(m) = -6*m**2 + 2*m + 1. Let k(n) = -d(n) - 3*q(n). What is the tens digit of k(j)?
2
Suppose -102 = 4*y + k - 3*k, -y + 3*k - 33 = 0. What is the tens digit of ((-2)/(-8)*6)/(y/(-1024))?
6
What is the thousands digit of ((-9215)/(-10) - -4)*(-8)/(-6)?
1
Let d(m) = m**3 - 8*m**2 + 8*m - 6. Let q(v) = -2*v - 1. Let r be q(-4). What is the units digit of d(r)?
1
What is the thousands digit of (-40015)/(-35) - 8/28?
1
Suppose -25208 = -7*z - 16*z. What is the thousands digit of z?
1
Suppose -3*i = -5*h + 321 + 20293, 5*h = 4*i + 20612. What is the tens digit of h?
2
Let b(o) = -13*o**2 + 3*o**3 - 16*o - 11 - 8*o**3 + 6*o**3 + 1. What is the tens digit of b(15)?
0
Let f = -12 - -12. Suppose -w = 5, t + f*t + 12 = -3*w. Suppose 0 = t*b + b - 96. What is the tens digit of b?
2
Let s(y) = 221*y - 197. What is the hundreds digit of s(4)?
6
Suppose m - 5*m - 4*x + 8 = 0, 0 = -3*m + 4*x + 13. Suppose -699 = -m*c - 0*c. What is the units digit of c?
3
Let z(a) = -a**2 - 2*a + 33. Let s be z(-9). Let k = s + 103. What is the tens digit of k?
7
What is the units digit of (0 - (-6)/(-27)) + 11891/9?
1
Let b = 61 + -52. Let t be (4/8)/((-2)/(-8)). Suppose -t*w + 7 = -b. What is the units digit of w?
8
Let g be 2/5 - (464/(-20))/2. What is the hundreds digit of 57/g + -4 - 613/(-4)?
1
Let s(p) = p**3 - 16*p**2 - 6*p - 56. What is the hundreds digit of s(22)?
7
Let g(r) = r**2 + 7*r + 39. What is the hundreds digit of g(-14)?
1
Suppose -8*b + 98 + 9878 = 0. What is the units digit of b?
7
Suppose -10*m = -4966 - 44754. What is the units digit of m?
2
Let c be ((-2076)/(-15))/(4/10). Suppose -5*b + c = -59. What is the tens digit of b?
8
Suppose -4*d + 3*q = -2*q, -5*d - 3*q = 0. Suppose 47 = -5*z - 4*k, d*z - 5*k = -z - 21. Let o = 22 + z. What is the tens digit of o?
1
Suppose -7*v + 14 = -49. Suppose -5*t + 236 = -v*t. Let k = t + 82. What is the tens digit of k?
2
Let h(a) = 1 - 5*a + 9*a**2 + 17 - 6 + a**3. What is the units digit of h(-9)?
7
Let s(z) be the second derivative of 21*z**3 - 23*z. What is the hundreds digit of s(1)?
1
Let y be 1 + -2 + 17 + 4. Suppose 2*m + 50 = 5*u - y, -4*u - m = -69. Suppose -h - 4*k = u, h + k + 1 = -0*h. What is the units digit of h?
4
Suppose 5*j - 20 = -5*u, -4*j - 6 + 2 = 0. Suppose -u*q + 2*x = x - 835, 3*x = -5*q + 835. What is the units digit of q?
7
Let j be 1/2 - (-15)/(-2) - -1. What is the units digit of ((-9)/(-6))/(-3 - 27/j)?
1
Let b(u) = 5*u - 26. Let m be b(8). Suppose m + 160 = 2*d. What is the units digit of d?
7
Let b = -313 - -453. Let x = -80 + b. What is the units digit of x?
0
Suppose -645*l - 1722 = -647*l. What is the units digit of l?
1
Let f = -460 + 241. What is the tens digit of f/(-6)*(-4)/(-2)?
7
Suppose 3*o - 4*k - 2702 = 524, -3*k = 2*o - 2128. What is the tens digit of o?
7
Let o = 19 + -16. Suppose -3*b - 7*f + o*f = -194, 4*b - 5*f = 238. What is the units digit of b?
2
Let a(m) = 27*m**2 + 3*m + 3. Let f be a(-1). Suppose f = -o + 4*o. What is the units digit of o?
9
Let u = -99 - -115. Suppose -u*x = -1677 - 227. What is the tens digit of x?
1
Let f(s) = -s**3 - 27*s**2 + 74*s + 54. What is the tens digit of f(-30)?
3
Suppose u = -2*u + 36. Suppose -w = 2*w - u. Suppose w*z = -0*l - 4*l + 92, -3*z + 45 = -3*l. What is the units digit of z?
9
Let v(m) be the third derivative of m**4/24 + 5*m**3/2 + 3*m**2. Let i be v(-11). Suppose -111 = -i*p - 19. What is the tens digit of p?
2
Suppose -3*q + 416 + 370 = 5*y, 0 = 3*y - q - 480. What is the units digit of y?
9
Let u be 3*-2*1/(-2). Suppose j = -0*j + q + 2, -12 = -u*j - 3*q. Suppose 0 = j*p + p - 140. What is the units digit of p?
5
Suppose 0 = 50*z - 18*z - 92032. What is the tens digit of z?
7
Let d be (-38)/(-9) + 4/(-18). Let h(r) = 9*r + 11. What is the units digit of h(d)?
7
Let f = -1011 + 1723. Suppose 4*q + 4*s = f, 0*s = -s + 5. What is the units digit of q?
3
Let y = -48 - -66. Suppose y*a = 13*a + 870. What is the hundreds digit of a?
1
Let c(t) = t**3 - 11*t**2 - 9*t + 11. Let a be c(12). Suppose -a = -x - 9. Suppose -2*w = 4*p + 3*w - 31, -x = -4*p + 2*w. What is the units digit of p?
9
Suppose -633 - 384 = -3*y. Let q = -53 + y. What is the tens digit of q?
8
What is the thousands digit of (-214228)/(-77) + 36/(-198)?
2
Suppose 54 = 5*w + 29. Suppose -d = x - 2*d - 32, -5*x - w*d + 170 = 0. What is the tens digit of x?
3
Let v be (6/2)/(3/(-4)). Let t be v/(-28) - 753/(-21). Suppose 0 = -2*h - 0*h + t. What is the units digit of h?
8
Let w be 6/9 - 3/(-9). Suppose 23 = 5*p + 3*j, -w = p + 2*j - 0. What is the tens digit of (1 - -23)*p/7?
2
Let c = -19 + 105. Suppose 2*z - 5*b + 154 = 5*z, z - 2*b = 55. Suppose -2*j - c = -4*r, 0 = -2*r - j - 0*j + z. What is the tens digit of r?
2
Let n be -14*4/(-8) - 3. Suppose -n*m + 9*m - 10 = 0. Suppose 3*l + 3 = 0, -m*l + l = -4*w + 89. What is the tens digit of w?
2
Let u be (15/2 + -9)*1234/(-3). Suppose 4*t - 639 = -2*c + 193, 2*c = 3*t - u. What is the hundreds digit of t?
2
Let l = 1033 - 330. What is the units digit of l?
3
Let v(w) = w**2 - w + 121 - 62 + 132*w**3 - 58. What is the units digit of v(1)?
3
Let m be -3*14*(-2)/6. Let f(h) = 16*h**2 + 4 - 13*h - 15*h**2 + 10 - 4. What is the units digit of f(m)?
4
Let c = -78 + 68. What is the tens digit of 56/(-140) - 954/c?
9
Let c(x) = x**3 + 13*x**2 + 8*x - 27. Let i be c(-12). Let f = -1 - -16. Let j = i - f. What is the units digit of j?
6
Let w(v) = 32*v - 9. Let y be ((-4)/10)/(2/(-10)). What is the units digit of w(y)?
5
Suppose 2*j = -5*k + 7*j, 3*j - 35 = -4*k. Let z(l) = 5 - k*l - 6 + 1 + 4. What is the tens digit of z(-2)?
1
Suppose 0 = -78*f + 84*f + 192. What is the tens digit of -24*(-11)/((-66)/f)?
2
What is the hundreds digit of (-1526)/(-4) - 5/(-10)?
3
Suppose 0 = 9*y - 8*y. What is the units digit of (-2 + 5)*(y - 111/(-9))?
7
Suppose 63 = 6*s - 201. Let b be s/16 + (-3)/(-12). Suppose -r = 2, 0*o + b*r + 28 = 2*o. What is the